-66b5c09?
66b5c05
In base 13, what is -c6c729 + -1?
-c6c72a
In base 16, what is -5 + -1c2c69a3?
-1c2c69a8
In base 14, what is 4 + 1db6973c?
1db69742
In base 10, what is -236066 - -7?
-236059
In base 2, what is 0 + -10000000001101000110101000010?
-10000000001101000110101000010
In base 14, what is -1d37 + -424?
-235b
In base 13, what is -13995a467 + -1?
-13995a468
In base 8, what is -125 + 1040306?
1040161
In base 8, what is 5252 - -260?
5532
In base 12, what is 847a7 - 19b?
84608
In base 7, what is -5 - -430030415?
430030410
In base 11, what is -5025 - -5593?
569
In base 9, what is -3 - 10603748?
-10603752
In base 4, what is 301101 + -200331?
100110
In base 7, what is -4 + 61125214?
61125210
In base 2, what is -1111000110111111111111100 + -10?
-1111000110111111111111110
In base 6, what is -142 - 203231?
-203413
In base 10, what is -834720 - 154?
-834874
In base 15, what is 48be03 + 47?
48be4a
In base 15, what is 1e5e91b9 + 4?
1e5e91bd
In base 5, what is 1032344 + -223210?
304134
In base 5, what is 40 - -240000240?
240000330
In base 8, what is -401204 + 30?
-401154
In base 9, what is 547671255 + -2?
547671253
In base 11, what is 8 - -2454461?
2454469
In base 12, what is -a7607 - -23?
-a75a4
In base 10, what is -8233952 - -3?
-8233949
In base 10, what is 99672498 + 3?
99672501
In base 6, what is 3 + -1214300111?
-1214300104
In base 3, what is 10111221211011102 - 11?
10111221211011021
In base 6, what is -123343 + -5434?
-133221
In base 15, what is 21819c8a - 4?
21819c86
In base 15, what is 1a95 + 1d8?
1c7d
In base 11, what is 438 - 2148a?
-21052
In base 12, what is 4436444 + 5?
4436449
In base 8, what is -10 + -2556274?
-2556304
In base 15, what is 2ad28 + -c?
2ad1b
In base 7, what is -24236630 - 305?
-24240235
In base 8, what is -12031356 + 35?
-12031321
In base 16, what is 95156e + 1?
95156f
In base 5, what is 31200043 + 2114?
31202212
In base 2, what is -101101011111111001111101010 + -11?
-101101011111111001111101101
In base 10, what is 10 - -8693210?
8693220
In base 16, what is -e7cbbfd + 4?
-e7cbbf9
In base 3, what is 11 - -111110000101011?
111110000101022
In base 9, what is 5 - -10280166?
10280172
In base 8, what is -565471 + 275?
-565174
In base 10, what is -17 - 1458155?
-1458172
In base 16, what is -24f - 5798c?
-57bdb
In base 4, what is -20 + 10213203000032?
10213203000012
In base 11, what is -10967 + -207?
-11073
In base 3, what is -2 + -1000221020210011?
-1000221020210020
In base 13, what is -14 - -2734c9?
2734b5
In base 7, what is 4320 - 1054662?
-1050342
In base 5, what is -11222 - -4142143?
4130421
In base 11, what is -447359 - -17?
-447342
In base 15, what is 16 - c03bb?
-c03a5
In base 5, what is 14412200424 - 1?
14412200423
In base 9, what is -60836874 - 5?
-60836880
In base 9, what is -5 + 642102?
642086
In base 7, what is 4 + 2113240364?
2113240401
In base 2, what is 111111011111 - 1000011110?
110111000001
In base 3, what is 12210112 + -2112120111?
-2022202222
In base 13, what is -118 + 38562?
38447
In base 3, what is -110 + 11222101211201?
11222101211021
In base 15, what is -50b0 + 5c32?
b72
In base 15, what is 46b67 + 25?
46b8c
In base 7, what is -5431 - -540321?
531560
In base 3, what is -1112111011202 + 111002?
-1112110200200
In base 7, what is -363 - -24343406?
24343013
In base 4, what is 121 - 2201201110111?
-2201201103330
In base 3, what is -12211 + 110211112?
110121201
In base 3, what is -100211102 + 1011212?
-22122120
In base 7, what is -2240126 - 16?
-2240145
In base 3, what is 112100002 + 20001212?
202101221
In base 13, what is -435bb4 - 5?
-435bb9
In base 16, what is 7 + -4f459?
-4f452
In base 3, what is -2101112121200120 - 10?
-2101112121200200
In base 2, what is 1010000111 + 10110111100?
100001000011
In base 3, what is 1200222221012110202 - -1?
1200222221012110210
In base 4, what is -121021033 + 0?
-121021033
In base 7, what is -3326 + -41006?
-44335
In base 11, what is 1939901 + -25?
1939887
In base 7, what is 5 - 3163262034?
-3163262026
In base 12, what is -2bb43 - -17?
-2bb28
In base 4, what is 1110133003000 - -110?
1110133003110
In base 10, what is 24 - -474843?
474867
In base 5, what is -14401110220 - 10?
-14401110230
In base 11, what is -70 - 5244a64?
-5245024
In base 3, what is -212202 - -12112021?
11122112
In base 2, what is -10000001011001101101111110 + -110?
-10000001011001101110000100
In base 15, what is -9e + -34ac9?
-34b78
In base 8, what is 4 + 10724707?
10724713
In base 15, what is cc2c - -49a?
d1c7
In base 13, what is b8b0b - 650?
b848b
In base 16, what is -8ea0 + -7f9?
-9699
In base 11, what is 629366186 - -4?
62936618a
In base 5, what is 20034412 - -10242?
20100204
In base 4, what is -13020033100 + 112?
-13020032322
In base 6, what is 103015115 + 1?
103015120
In base 9, what is 4 + -77232?
-77227
In base 14, what is -3dbd78 + 1a?
-3dbd5c
In base 11, what is -3 + -6579aa?
-657a02
In base 5, what is 102440340 + -100?
102440240
In base 4, what is -1 + -100021120?
-100021121
In base 16, what is -7 - 1031919?
-1031920
In base 4, what is 222131120 + -2130?
222122330
In base 11, what is 5 - -8427440?
8427445
In base 14, what is -2b461a + 291?
-2b4369
In base 4, what is 10113020122 + -11?
10113020111
In base 9, what is 4 + 38054?
38058
In base 15, what is -5400 + -e?
-540e
In base 3, what is -11011 + 1112202021001?
1112202002220
In base 5, what is 3 + -320401404204?
-320401404201
In base 9, what is 16 + 23850341?
23850357
In base 15, what is 91a1b - -3?
91a1e
In base 15, what is b3 + -275e?
-269b
In base 7, what is -422324 + 2234?
-420060
In base 12, what is -392a9693 - -7?
-392a9688
In base 15, what is -dd7 - -13e3d?
13056
In base 2, what is 1000000110000100001110 + 101?
1000000110000100010011
In base 10, what is 4 - 1056882?
-1056878
In base 14, what is -962c + 13c3?
-8249
In base 7, what is -2023 + 10034?
5011
In base 4, what is 22010 + -1012322000?
-1012233330
In base 4, what is 32 + -100121302102?
-100121302010
In base 7, what is -3322410320 + -2?
-3322410322
In base 13, what is 5 + -c68941?
-c68939
In base 16, what is 42 + 5bda?
5c1c
In base 16, what is 3a9 + 25a99?
25e42
In base 3, what is -1120 - 20201110012020?
-20201110020210
In base 6, what is 1 - 343255112?
-343255111
In base 3, what is -112 - -12220111022002?
12220111021120
In base 4, what is 101023222 + 10333?
101100221
In base 16, what is -b + bae6e2?
bae6d7
In base 16, what is 3 + 23d1ce7?
23d1cea
In base 10, what is -189361 - 137?
-189498
In base 12, what is -35b7 + 5088?
1691
In base 2, what is -11001000110110110001 + 0?
-11001000110110110001
In base 4, what is -203201133 - -221130?
-202320003
In base 11, what is -2a09676 - -8?
-2a09669
In base 6, what is 215020421 + 210?
215021031
In base 7, what is 2362 - -1456054?
1461446
In base 15, what is -192 + e091?
ddee
In base 15, what is -12a74 - -278e?
-102d5
In base 15, what is 122e5465 + 2?
122e5467
In base 14, what is -64c73 - 17a?
-6500d
In base 4, what is 21112003 - 311211?
20200132
In base 14, what is -35 - -66cdd5?
66cda0
In base 3, what is -122120200 - -1200011111?
1000120211
In base 4, what is -120021103 - -133223?
-113221220
In base 15, what is 3 + -580550?
-58054c
In base 6, what is 12 + 543044500?
543044512
In base 12, what is 67 + 23375?
23420
In base 5, what is 2 + 411231242230?
411231242232
In base 8, what is -2244323 + 1350?
-2242753
In base 2, what is -100000011101 - -100011101110011?
11111101010110
In base 15, what is 1 + 712e3?
712e4
In base 4, what is 11 - -123010233032?
123010233103
In base 4, what is 12200001233332 - -1?
12200001233333
In base 9, what is 7738803 - -12?
7738815
In base 15, what is 17c3 - -7042?
8815
In base 10, what is 374 + 57993?
58367
In base 10, what is 5939 - 100?
5839
In base 4, what is -333122 - -112030?
-221032
In base 8, what is -2405431 - 1040?
-2406471
In base 16, what is -b4fd + -969?
-be66
In base 2, what is 110000010000101000111100100 + 101?
110000010000101000111101001
In base 7, what is 60 - 132043?
-131653
In base 8, what is 0 - -13763463?
13763463
In base 13, what is 8031c + 43?
80362
In base 8, what is 303 - 46732?
-46427
In base 8, what is 40134 + -41534?
-1400
In base 6, what is -1441 + -3311500?
-3313341
In base 13, what is 284c781 + 4?
284c785
In base 2, what is -101011100110 + 10000011111000111?
1111110011100001
In base 7, what